{"id":7,"date":"2013-03-21T21:33:53","date_gmt":"2013-03-21T19:33:53","guid":{"rendered":"http:\/\/www.wwd-direkt.de\/?page_id=7"},"modified":"2015-08-11T19:50:07","modified_gmt":"2015-08-11T18:50:07","slug":"impressum","status":"publish","type":"page","link":"https:\/\/www.wwd-direkt.de\/?page_id=7","title":{"rendered":"Impressum"},"content":{"rendered":"<h2>Anbieter dieser Website<\/h2>\n<p><strong>Westf\u00e4lischer Werbedienst GmbH &amp; Co.KG<\/strong><br \/>\nM\u00fcnsterweg 40<br \/>\n48231 Warendorf<\/p>\n<p>&nbsp;<\/p>\n<p>Gesch\u00e4ftsf\u00fchrung: Frau Dinay Uzman<\/p>\n<p>&nbsp;<\/p>\n<p>Amtsgericht M\u00fcnster<br \/>\nHRB 12211 \/ UR 486\/2009<br \/>\nAmtsgericht Warendorf<br \/>\nSteuernummer: 346\/5003\/4129<\/p>\n<p>&nbsp;<\/p>\n<p>Tel.: +49 (0) 2581 &#8211; 787 690 00<br \/>\nFax: +49 (0) 2581 &#8211; 787 690 50<br \/>\nE-Mail: info@wwd-direkt.de<br \/>\nInternet: http:\/\/www.wwd-direkt.de<\/p>\n<p>&nbsp;<\/p>\n<p>&nbsp;<\/p>\n<h2>Information zum Datenschutz<\/h2>\n<p>Auf dieser Webseite werden keine Personenbezogenen Daten gespeichert oder gesammelt. Es werden anonymisierte Daten zu statistischen Zwecken protokolliert. Gespeichert werden: IP-Adresse des anfragenden Netzwerkes, Aufgerufene URL, Zeitpunkt der Anfrage, \u00dcbertragene Datenmenge, Namen des verwendeten Webbrowsers und anfragende Domain.<\/p>\n<p>&nbsp;<\/p>\n<p>&nbsp;<\/p>\n<h2>Copyright<\/h2>\n<p>Der gesamte Inhalt dieser Website unterliegt dem Urheberrecht. Unerlaubte Verwendung, Reproduktion oder Wiedergabe des Inhalts oder von Teilen des Inhalts ist untersagt. S\u00e4mtliche Urheber- und Leistungsschutzrechte bleiben vorbehalten. Eine Nutzung des Inhalts dieser Website oder von Teilen des Inhalts darf nur nach Genehmigung durch die Rechteinhaber erfolgen. Copyright \u00a9 Westf\u00e4lischer Werbedienst GmbH &amp; Co.KG (soweit nicht abweichend gekennzeichnet).<\/p>\n<p>&nbsp;<\/p>\n<p>&nbsp;<\/p>\n<h2>Verlinkung auf andere Internetseiten<\/h2>\n<p>Bei direkten oder indirekten Verweisen auf fremde Internetseiten (\u201cLinks\u201d), die au\u00dferhalb des Verantwortungsbereiches des Autors liegen, w\u00fcrde eine Haftungsverpflichtung ausschlie\u00dflich in dem Fall in Kraft treten, in dem der Autor von den Inhalten Kenntnis hat und es ihm technisch m\u00f6glich und zumutbar w\u00e4re, die Nutzung im Falle rechtswidriger Inhalte zu verhindern.<\/p>\n<p>&nbsp;<\/p>\n<p>Der Autor erkl\u00e4rt hiermit ausdr\u00fccklich, dass zum Zeitpunkt der Linksetzung keine illegalen Inhalte auf den zu verlinkenden Seiten erkennbar waren. Auf die aktuelle und zuk\u00fcnftige Gestaltung, die Inhalte oder die Urheberschaft der gelinkten\/verkn\u00fcpften Seiten hat der Autor keinerlei Einfluss. Deshalb distanziert er sich hiermit ausdr\u00fccklich von allen Inhalten aller gelinkten \/verkn\u00fcpften Seiten, die nach der Linksetzung ver\u00e4ndert wurden. Diese Feststellung gilt f\u00fcr alle innerhalb des eigenen Internetangebotes gesetzten Links und Verweise sowie f\u00fcr Fremdeintr\u00e4ge in vom Autor eingerichteten.<\/p>\n<p>&nbsp;<\/p>\n<p>&nbsp;<\/p>\n<h2>Gestaltung und Programmierung<\/h2>\n<p><a href=\"https:\/\/www.creative-feat.com\" target=\"_blank\"><img decoding=\"async\" src=\"https:\/\/www.creative-feat.com\/_banner\/creative-feat_banner_impressum.png\" alt=\"creative feat e.K. - Das Lipper Internetb\u00fcro - Websites, Webshops, Webentwicklung, Webmarketing\" \/><\/a><\/p>\n","protected":false},"excerpt":{"rendered":"<p>Anbieter dieser Website Westf\u00e4lischer Werbedienst GmbH &amp; Co.KG M\u00fcnsterweg 40 48231 Warendorf &nbsp; Gesch\u00e4ftsf\u00fchrung: Frau Dinay Uzman &nbsp; Amtsgericht M\u00fcnster HRB 12211 \/ UR 486\/2009 Amtsgericht Warendorf Steuernummer: 346\/5003\/4129 &nbsp; Tel.: +49 (0) 2581 &#8211; 787 690 00 Fax: +49 (0) 2581 &#8211; 787 690 50 E-Mail: info@wwd-direkt.de Internet: http:\/\/www.wwd-direkt.de &nbsp; &nbsp; Information zum Datenschutz [&hellip;]<\/p>\n","protected":false},"author":1,"featured_media":0,"parent":0,"menu_order":0,"comment_status":"open","ping_status":"open","template":"","meta":{"footnotes":""},"class_list":["post-7","page","type-page","status-publish","hentry"],"_links":{"self":[{"href":"https:\/\/www.wwd-direkt.de\/index.php?rest_route=\/wp\/v2\/pages\/7"}],"collection":[{"href":"https:\/\/www.wwd-direkt.de\/index.php?rest_route=\/wp\/v2\/pages"}],"about":[{"href":"https:\/\/www.wwd-direkt.de\/index.php?rest_route=\/wp\/v2\/types\/page"}],"author":[{"embeddable":true,"href":"https:\/\/www.wwd-direkt.de\/index.php?rest_route=\/wp\/v2\/users\/1"}],"replies":[{"embeddable":true,"href":"https:\/\/www.wwd-direkt.de\/index.php?rest_route=%2Fwp%2Fv2%2Fcomments&post=7"}],"version-history":[{"count":9,"href":"https:\/\/www.wwd-direkt.de\/index.php?rest_route=\/wp\/v2\/pages\/7\/revisions"}],"predecessor-version":[{"id":160,"href":"https:\/\/www.wwd-direkt.de\/index.php?rest_route=\/wp\/v2\/pages\/7\/revisions\/160"}],"wp:attachment":[{"href":"https:\/\/www.wwd-direkt.de\/index.php?rest_route=%2Fwp%2Fv2%2Fmedia&parent=7"}],"curies":[{"name":"wp","href":"https:\/\/api.w.org\/{rel}","templated":true}]}}