{"id":25,"date":"2013-03-21T21:55:04","date_gmt":"2013-03-21T19:55:04","guid":{"rendered":"http:\/\/www.wwd-direkt.de\/?page_id=25"},"modified":"2018-11-09T08:24:45","modified_gmt":"2018-11-09T07:24:45","slug":"leistungen","status":"publish","type":"page","link":"https:\/\/www.wwd-direkt.de\/?page_id=25","title":{"rendered":"Leistungen"},"content":{"rendered":"<h2><\/h2>\n<table style=\"width: 100%;\" border=\"0\">\n<tbody>\n<tr>\n<td style=\"padding-bottom: 30px;\">\n<h2>Verteilgebiete<\/h2>\n<p>Wir verteilen Ihre Werbung zielgenau und p\u00fcnktlich. Aktuell in folgenden PLZ Bereichen:<\/p>\n<p>&nbsp;<\/p>\n<ul>\n<li>32xxx<\/li>\n<li>33xxx<\/li>\n<li>48xxx<\/li>\n<li>49xxx<\/li>\n<li>59xxx<\/li>\n<\/ul>\n<p>&nbsp;<\/p>\n<p>Durch Kooperationen mit unseren Partnern k\u00f6nnen wir ein viel gr\u00f6\u00dferes Gebiet abdecken. Sprechen Sie uns an, und sagen Sie uns wo und an wen Sie Ihre Werbung verteilen lassen m\u00f6chten.<\/td>\n<td style=\"padding-left: 20px;\"><img fetchpriority=\"high\" decoding=\"async\" class=\"wp-image-115 aligncenter\" src=\"https:\/\/www.wwd-direkt.de\/wp-content\/uploads\/2013\/03\/Landkarte.png\" alt=\"\" width=\"271\" height=\"383\" \/><\/td>\n<\/tr>\n<tr>\n<td style=\"padding-bottom: 30px;\">\n<h2>Verteilarten<\/h2>\n<p>Wir verteilen Ihre Werbung ganz genau nach Ihrer Vorstellung. Gerne beraten wir Sie und helfen Ihnen den effektivsten Weg zu Ihren Kunden zu finden.<\/p>\n<p>&nbsp;<\/p>\n<ul>\n<li><strong>Methode 1:<\/strong><br \/>\nAn alle Haushalte ohne Werbeverbot, Werbeverweigerer werden nicht beliefert.<\/li>\n<li><strong>Methode 2:<\/strong><br \/>\nAn alle Haushalte. Mit Druckmedien die nicht unter die Kategorie Werbung fallen. Werbeverweigerer werden mit beliefert.<\/li>\n<li><strong>Methode 3:<\/strong><br \/>\nVerteilung nach Zielgruppen z. B. \u00fcberwiegend an Einfamilienh\u00e4user.<\/li>\n<\/ul>\n<p>&nbsp;<\/p>\n<p>Wenn Sie besondere W\u00fcnsche haben, wie Verteilung von Produktproben oder T\u00fcranh\u00e4nger, helfen wir Ihnen gerne Ihre Kunden auch damit zu erreichen.<\/td>\n<td style=\"padding-left: 20px;\"><img decoding=\"async\" class=\"size-full wp-image-105 aligncenter\" src=\"https:\/\/www.wwd-direkt.de\/wp-content\/uploads\/2013\/03\/image256-245x709.png\" alt=\"\" width=\"245\" height=\"347\" srcset=\"https:\/\/www.wwd-direkt.de\/wp-content\/uploads\/2013\/03\/image256-245x709.png 245w, https:\/\/www.wwd-direkt.de\/wp-content\/uploads\/2013\/03\/image256-245x709-211x300.png 211w\" sizes=\"(max-width: 245px) 100vw, 245px\" \/><\/td>\n<\/tr>\n<tr>\n<td style=\"padding-bottom: 30px;\">\n<h2>Qualit\u00e4tsmanagement<\/h2>\n<p>Das von uns selbst entwickelte Qualit\u00e4tsmanagementsystem DirectCall sichert Ihnen h\u00f6chste Zuverl\u00e4ssigkeit bei der Verteilung Ihrer Werbematerialien zu.<\/p>\n<p>&nbsp;<\/p>\n<ul>\n<li><strong>Direkt am Kunden<\/strong><br \/>\n\u00dcber eine kostenlose Hotline k\u00f6nnen Ihre Kunden direkt Kontakt zu uns aufnehmen. Diese Anrufe werden dann analysiert um unsere Leistungen zu optimieren.<\/li>\n<\/ul>\n<p>&nbsp;<\/p>\n<ul>\n<li><strong>Unsere Philosophie<\/strong><br \/>\nIhre Kunden sind letztlich auch unsere Kunden. Sie zufrieden zu stellen ist die oberste Maxime des Westf\u00e4lischen Werbedienstes.<\/li>\n<\/ul>\n<p>&nbsp;<\/p>\n<p>Haben Sie ein Prospekt nicht erhalten? Schicken Sie uns eine <a title=\"Prospekte\" href=\"http:\/\/www.wwd-direkt.de\/?page_id=23\">Reklamations-E-Mail<\/a>.<\/td>\n<td style=\"padding-left: 20px;\"><img decoding=\"async\" class=\"size-full wp-image-106 aligncenter\" src=\"https:\/\/www.wwd-direkt.de\/wp-content\/uploads\/2013\/03\/image219-245x386.png\" alt=\"\" width=\"245\" height=\"189\" \/><\/td>\n<\/tr>\n<\/tbody>\n<\/table>\n","protected":false},"excerpt":{"rendered":"<p>Verteilgebiete Wir verteilen Ihre Werbung zielgenau und p\u00fcnktlich. Aktuell in folgenden PLZ Bereichen: &nbsp; 32xxx 33xxx 48xxx 49xxx 59xxx &nbsp; Durch Kooperationen mit unseren Partnern k\u00f6nnen wir ein viel gr\u00f6\u00dferes Gebiet abdecken. Sprechen Sie uns an, und sagen Sie uns wo und an wen Sie Ihre Werbung verteilen lassen m\u00f6chten. Verteilarten Wir verteilen Ihre Werbung [&hellip;]<\/p>\n","protected":false},"author":1,"featured_media":0,"parent":0,"menu_order":0,"comment_status":"closed","ping_status":"open","template":"","meta":{"footnotes":""},"class_list":["post-25","page","type-page","status-publish","hentry"],"_links":{"self":[{"href":"https:\/\/www.wwd-direkt.de\/index.php?rest_route=\/wp\/v2\/pages\/25"}],"collection":[{"href":"https:\/\/www.wwd-direkt.de\/index.php?rest_route=\/wp\/v2\/pages"}],"about":[{"href":"https:\/\/www.wwd-direkt.de\/index.php?rest_route=\/wp\/v2\/types\/page"}],"author":[{"embeddable":true,"href":"https:\/\/www.wwd-direkt.de\/index.php?rest_route=\/wp\/v2\/users\/1"}],"replies":[{"embeddable":true,"href":"https:\/\/www.wwd-direkt.de\/index.php?rest_route=%2Fwp%2Fv2%2Fcomments&post=25"}],"version-history":[{"count":18,"href":"https:\/\/www.wwd-direkt.de\/index.php?rest_route=\/wp\/v2\/pages\/25\/revisions"}],"predecessor-version":[{"id":192,"href":"https:\/\/www.wwd-direkt.de\/index.php?rest_route=\/wp\/v2\/pages\/25\/revisions\/192"}],"wp:attachment":[{"href":"https:\/\/www.wwd-direkt.de\/index.php?rest_route=%2Fwp%2Fv2%2Fmedia&parent=25"}],"curies":[{"name":"wp","href":"https:\/\/api.w.org\/{rel}","templated":true}]}}